7 prime?
False
Is 69919 composite?
True
Is 305471 a composite number?
False
Is 1361 composite?
False
Is 47783 a composite number?
True
Is 2047 composite?
True
Is 869381 a prime number?
True
Is 70046 composite?
True
Is 34991 a composite number?
True
Is 17167 a composite number?
False
Is 631151 a prime number?
True
Is 115057 prime?
True
Is 67909 composite?
True
Is 85549 a composite number?
False
Is 32709 composite?
True
Is 4405262 a composite number?
True
Is 422537 prime?
True
Is 24499 composite?
False
Is 577453 a composite number?
False
Is 35011 composite?
True
Is 86782 composite?
True
Is 58759 a composite number?
True
Is 23773 a prime number?
True
Is 261277 a composite number?
True
Is 100029 a composite number?
True
Is 17153 a prime number?
False
Is 12367 a prime number?
False
Is 187235 composite?
True
Is 117391 prime?
False
Is 13813 a prime number?
False
Is 4847 a prime number?
False
Is 1759 prime?
True
Is 968729 composite?
False
Is 87823 composite?
True
Is 20317 a composite number?
True
Is 311381 composite?
True
Is 502739 composite?
True
Is 22901 composite?
False
Is 32105 prime?
False
Is 17693 composite?
True
Is 16319 a composite number?
False
Is 156941 composite?
False
Is 240869 a prime number?
True
Is 47939 composite?
False
Is 3269 a composite number?
True
Is 1814 a composite number?
True
Is 383242 a composite number?
True
Is 348811 a prime number?
True
Is 15419 a prime number?
False
Is 24071 composite?
False
Is 16547 a composite number?
False
Is 6947 a prime number?
True
Is 340787 a prime number?
True
Is 167381 composite?
False
Is 379 a prime number?
True
Is 394073 prime?
True
Is 100823 prime?
True
Is 414131 prime?
True
Is 2411 composite?
False
Is 3873113 prime?
False
Is 23251 prime?
True
Is 17657 a prime number?
True
Is 80471 prime?
True
Is 77177 composite?
True
Is 20471 a prime number?
False
Is 83686 a composite number?
True
Is 359041 a prime number?
True
Is 78293 composite?
True
Is 7033 a composite number?
True
Is 68806 a composite number?
True
Is 991177 prime?
False
Is 917635 a prime number?
False
Is 18293 a composite number?
True
Is 69313 prime?
True
Is 203807 prime?
True
Is 21031 prime?
True
Is 1069 a prime number?
True
Is 1399 composite?
False
Is 66239 prime?
True
Is 501931 a composite number?
False
Is 149407 a composite number?
True
Is 1207 prime?
False
Is 69191 composite?
False
Is 280631 a prime number?
False
Is 5158 a composite number?
True
Is 19487 a composite number?
True
Is 5062 a composite number?
True
Is 156887 composite?
False
Is 89363 prime?
True
Is 109 a composite number?
False
Is 65426 a prime number?
False
Is 210803 a composite number?
False
Is 257893 a prime number?
True
Is 195443 a prime number?
True
Is 18899 a composite number?
False
Is 65791 a composite number?
True
Is 3251 composite?
False
Is 1277 a composite number?
False
Is 1723381 prime?
False
Is 125053 a prime number?
True
Is 551 a prime number?
False
Is 979 a prime number?
False
Is 5205599 a composite number?
True
Is 2659001 a prime number?
True
Is 36611 a prime number?
False
Is 600131 prime?
False
Is 80863 a composite number?
False
Is 90107 a prime number?
True
Is 46901 a prime number?
True
Is 492079 composite?
True
Is 99761 composite?
False
Is 25387 composite?
True
Is 9293 prime?
True
Is 204427 prime?
True
Is 1367 prime?
True
Is 26387 a prime number?
True
Is 660851 a composite number?
False
Is 20803 a prime number?
False
Is 959429 a prime number?
False
Is 44309 prime?
False
Is 91303 prime?
True
Is 2763515 prime?
False
Is 1211273 composite?
True
Is 1253 composite?
True
Is 3903 composite?
True
Is 1151 composite?
False
Is 24841 a prime number?
True
Is 5837 a prime number?
False
Is 1253 composite?
True
Is 113213 prime?
True
Is 178753 prime?
True
Is 5462 a prime number?
False
Is 27509 a prime number?
True
Is 2245497 a prime number?
False
Is 26149 composite?
True
Is 834893 prime?
True
Is 18155 a prime number?
False
Is 41669 a prime number?
True
Is 14051 composite?
False
Is 66029 a prime number?
True
Is 1543063 composite?
False
Is 137779 a prime number?
False
Is 413 a prime number?
False
Is 57917 prime?
True
Is 2327 a composite number?
True
Is 99379 a prime number?
False
Is 124629 a prime number?
False
Is 23419 a composite number?
True
Is 87797 a prime number?
True
Is 4279 a composite number?
True
Is 106679 a prime number?
False
Is 3262081 composite?
False
Is 9391 a composite number?
False
Is 588463 a prime number?
True
Is 481747 a prime number?
False
Is 159634 prime?
False
Is 684311 a prime number?
True
Is 103511 a composite number?
False
Is 22117 a composite number?
True
Is 31159 prime?
True
Is 2779 a composite number?
True
Is 27361 a prime number?
True
Is 1109 prime?
True
Is 815 composite?
True
Is 2642213 prime?
False
Is 512223 a prime number?
False
Is 73339 composite?
True
Is 1211 composite?
True
Is 955919 prime?
True
Is 1998445 a composite number?
True
Is 642359 prime?
True
Is 4262 composite?
True
Is 26977 prime?
False
Is 5077 composite?
False
Is 76163 composite?
False
Is 164746 prime?
False
Is 90317 prime?
False
Is 191087 composite?
True
Is 54001 composite?
False
Is 5137 prime?
False
Is 4397 a composite number?
False
Is 7934 a composite number?
True
Is 58418 a composite number?
True
Is 17717 a composite number?
True
Is 44249 prime?
True
Is 39307 prime?
False
Is 8851 composite?
True
Is 39007 prime?
False
Is 40841 composite?
False
Is 466429 composite?
True
Is 15527 prime?
True
Is 112559 composite?
False
Is 153943 a prime number?
False
Is 780553 prime?
True
Is 1084493 prime?
True
Is 149689 prime?
True
Is 880694 composite?
True
Is 23459 a prime number?
True
Is 31957 prime?
True
Is 52909 a prime number?
False
Is 267487 composite?
True
Is 17243 prime?
False
Is 118423 composite?
False
Is 14417 a composite number?
True
Is 27899 prime?
False
Is 114941 prime?
True
Is 203761 prime?
True
Is 208009 composite?
False
Is 54001 a prime number?
True
Is 611 composite?
True
Is 25853 a composite number?
True
Is 16619 prime?
True
Is 1111433 a prime number?
True
Is 800627 composite?
True
Is 458987 composite?
False
Is 5039 a prime number?
True
Is 38013 a composite number?
True
Is 1465 a composite number?
True
Is 205519 a composite number?
False
Is 25219 prime?
True
Is 72057 a composite number?
True
Is 155791 a composite number?
True
Is 15877 composite?
False
Is 73543 composite?
True
Is 8173 prime?
False
Is 1576387 a prime number?
False
Is 993 a composite number?
True
Is 28907 prime?
False
Is 217387 a prime number?
True
Is 62459 a prime number?
True
Is 309811 a composite number?
False
Is 206519 a prime number?
True
Is 12343 prime?
True
Is 69539 prime?
True
Is 31319 a composite number?
False
Is 3740393 a composite number?
False
Is 7199 prime?
False
Is 7787 prime?
False
Is 78977 composite?
False
Is 217663 a prime number?
False
Is 11549 composite?
False
Is 2696443 prime?
False
Is 52147 a prime number?
True
Is 34693 composite?
False
Is 4773309 prime?
False
Is 1143851 a composite number?
False
Is 44413 a prime number?
False
Is 14143 a prime number?
True
Is 2371 a prime number?
True
Is 833513 a prime number?
False
Is 126921 a composite number?
True
Is 427117 a composite number?
False
Is 25829 prime?
False
Is 24879 prime?
False
Is 1139 prime?
False
Is 66273 prime?
False
Is 352255 prime?
False
Is 69791 a composite number?
True
Is 139739 a composite number?
False
Is 708007 composite?
False
Is 18079 composite?
True
Is 13799 a prime number?
True
Is 28697 composite?
False
Is 1062103 a composite number?
True
Is 121699 prime?
False
Is 36653 a prime number?
True
Is 98755 composite?
True
Is 1736051 a prime number?
True
Is 617293 prime?
True
Is 18779 a prime number?
False
Is 501463 composite?
False
Is 6469 a prime number?
True
Is 9197 a prime number?
False
Is 104243 prime?
True
Is 63977 a prime number?
True
Is 2333 a prime number?
True
Is 2239519 composite?
False
Is 6607 composite?
False
Is 2579 a prime number?
True
Is 637927 a prime number?
False
Is 100505 prime?
False
Is 4721 a prime number?
True
Is 81083 a prime number?
True
Is 1028389 prime?
True
Is 244199 a composite number?
False
Is 13291 composite?
False
Is 51873 composite?
True
Is 2035757 composite?
False
Is 124106 a prime number?
False
Is 5857 composite?
False
Is 2021 a composite number?
True
Is 45281 a prime number?
True
Is 15161 prim